(base 13) to base 4.
22310312112
Convert 926893 (base 13) to base 11.
1a21603
Convert 1002102020211 (base 3) to base 6.
20224334
-4440000332 (base 5) to base 10
-9687592
What is 101221012022121 (base 3) in base 6?
324311454
What is -1046a7 (base 11) in base 3?
-22111101021
What is -144221322 (base 5) in base 7?
-6400425
What is 22431 (base 7) in base 8?
13112
Convert 4cec76 (base 15) to base 7.
43256526
Convert 1110453 (base 6) to base 9.
84616
Convert -201321322123 (base 4) to base 10.
-8887963
Convert -1a00906 (base 12) to base 5.
-2400204411
What is 86513 (base 11) in base 12?
60919
What is -35e60 (base 16) in base 6?
-4422024
What is 173840 (base 16) in base 10?
1521728
Convert -10d9b7 (base 14) to base 2.
-10001100011110111101
Convert -100202002100 (base 3) to base 5.
-22114130
Convert -10013012030 (base 4) to base 13.
-2b9679
-3124200333 (base 5) to base 6
-350441141
What is cc01b (base 13) in base 10?
369120
Convert -5152611 (base 8) to base 6.
-45133121
Convert 35c39 (base 16) to base 9.
365065
What is 1896401 (base 10) in base 3?
10120100101002
Convert 120212020 (base 5) to base 15.
ae240
What is 3429364 (base 11) in base 5?
3014004311
What is -11680536 (base 9) in base 7?
-66430065
Convert -215a60 (base 13) to base 8.
-2773034
Convert -14b153 (base 13) to base 10.
-509941
1101111011111111101000 (base 2) to base 11
2076012
2319345 (base 11) to base 2
1111011101100100111011
-326012 (base 7) to base 9
-86525
-9b2d (base 15) to base 7
-164620
What is -262b26 (base 12) in base 6?
-21235250
-235356 (base 8) to base 9
-132530
-50130021 (base 7) to base 3
-21210102101210
Convert -17282 (base 15) to base 16.
-12446
Convert -200212120202 (base 3) to base 4.
-1122230132
Convert -1748756 (base 11) to base 9.
-5524671
-120f0 (base 16) to base 2
-10010000011110000
What is -1121002120210 (base 3) in base 6?
-30103033
-2571777 (base 8) to base 10
-717823
What is 157fce (base 16) in base 11?
882646
What is -1501106 (base 7) in base 6?
-4155322
Convert 1000001011110110010111011 (base 2) to base 6.
1411525523
What is 14041402 (base 6) in base 9?
788542
What is -1203a2 (base 11) in base 9?
-320658
What is -c4794 (base 14) in base 2?
-1110011100101111110
3ad166 (base 14) to base 13
562810
What is -5965614 (base 10) in base 13?
-130b465
Convert 53337 (base 9) to base 5.
2112034
What is -250996 (base 12) in base 6?
-20530310
210abc (base 15) to base 8
5775732
Convert 196700 (base 11) to base 3.
120022210100
Convert 408007 (base 15) to base 7.
35022265
What is -120301012 (base 4) in base 13?
-37237
Convert -153aa4 (base 13) to base 7.
-4304235
Convert 111101101011010001001 (base 2) to base 11.
1160454
-3a617d (base 14) to base 3
-10210100020112
461a2 (base 14) to base 6
3353110
What is 60153344 (base 7) in base 16?
4bdb0e
Convert -995b89 (base 13) to base 11.
-2047532
What is 6425 (base 7) in base 3?
10010012
What is 101001110011110011 (base 2) in base 10?
171251
Convert -783bc7 (base 14) to base 3.
-21200102100121
Convert -495b4f (base 16) to base 7.
-55602021
-714a (base 11) to base 13
-4422
What is 10611 (base 14) in base 4?
21222313
What is -45254 (base 6) in base 12?
-382a
Convert 429648 (base 14) to base 3.
11020111222212
1001011001111000011 (base 2) to base 3
120122201110
4232320132 (base 5) to base 14
126c746
What is -19b1 (base 12) in base 5?
-100112
111111111110111101100000 (base 2) to base 12
574a6a8
3edd0 (base 16) to base 9
432177
What is -2447537 (base 8) in base 2?
-10100100111101011111
-235412015 (base 6) to base 4
-101002020023
What is 2e9014 (base 15) in base 4?
20213033212
13424545 (base 7) to base 5
310001140
What is -17a9e3 (base 15) in base 13?
-313425
What is 240521505 (base 6) in base 12?
1620295
Convert 110001001011111001111 (base 2) to base 8.
6113717
Convert -240a56 (base 15) to base 6.
-100535313
Convert 12d441 (base 15) to base 7.
10460554
What is -4605352 (base 9) in base 3?
-11200012101202
What is -111111011011000011010 (base 2) in base 13?
-579c32
Convert 1435331 (base 7) to base 6.
4053552
What is -55413 (base 12) in base 10?
-112911
-11100200101011 (base 3) to base 16
-235813
-46452660 (base 7) to base 8
-17441301
1b375 (base 12) to base 10
40265
10feb1 (base 16) to base 5
241120102
ac0842 (base 13) to base 8
17363754
1222020110211 (base 3) to base 8
3776557
What is -978076 (base 13) in base 5?
-1402343422
Convert 35a359 (base 11) to base 7.
4563041
-45546 (base 13) to base 7
-1033506
What is -10676a2 (base 13) in base 16?
-4c84ac
-6461010 (base 10) to base 14
-c0284a
-978 (base 15) to base 16
-85a
-239286 (base 10) to base 11
-153863
-11010000101111100 (base 2) to base 11
-73330
-354886 (base 15) to base 10
-2546676
Convert -15a3a5 (base 13) to base 9.
-1007204
-205654 (base 9) to base 11
-83962
Convert -10110111100111111 (base 2) to base 11.
-646a9
Convert 1033313311 (base 4) to base 10.
327157
-121202202201112 (base 3) to base 6
-515002235
Convert -13023133020 (base 4) to base 3.
-10112121200210
What is -643532 (base 7) in base 16?
-1b47f
Convert -a7c863 (base 15) to base 12.
-2814186
Convert -1323125 (base 8) to base 14.
-98d13
-3f208 (base 16) to base 8
-771010
Convert -2926823 (base 10) to base 13.
-7b6263
What is -154268 (base 9) in base 15?
-1d22e
What is -1222375 (base 11) in base 5?
-1021013202
-a79b92 (base 14) to base 16
-569494
-835610 (base 10) to base 3
-1120110020112
10000010110100000001 (base 2) to base 14
dd3a1
108443 (base 10) to base 13
3a48a
What is 14510734 (base 10) in base 13?
3010a44
-240b7 (base 13) to base 8
-201014
Convert 160223541 (base 7) to base 16.
a3f7b2
-1120784 (base 9) to base 3
-1010200212211
Convert -364965 (base 12) to base 15.
-125782
Convert 485a292 (base 11) to base 5.
4131232020
120321031 (base 6) to base 4
20221020223
-1913a1 (base 12) to base 6
-13214321
7063611 (base 8) to base 9
3446457
-46309 (base 13) to base 4
-133033012
1012212112020 (base 3) to base 10
647007
Convert 627c (base 16) to base 9.
37523
Convert -4e5845 (base 15) to base 6.
-212410302
Convert -3540321 (base 6) to base 3.
-100100121111
-722232 (base 8) to base 9
-403443
-11a38c (base 16) to base 11
-71a561
154314 (base 8) to base 7
320544
What is 54134363 (base 7) in base 6?
242520325
Convert -110020201201 (base 3) to base 14.
-63c18
Convert 4bc80 (base 14) to base 15.
3a30c
Convert -201220010100201 (base 3) to base 12.
-365a224
Convert 12023434 (base 5) to base 6.
2214235
What is -102211103011 (base 4) in base 2?
-10010100101010011000101
Convert -622283 (base 14) to base 16.
-3280cb
Convert -1304033234 (base 6) to base 13.
-322c78c
66226006 (base 7) to base 8
25544520
What is 4333552 (base 6) in base 14?
5835a
44306 (base 10) to base 3
2020202222
What is -1571500 (base 8) in base 10?
-455488
What is -232a477 (base 11) in base 16?
-3e183b
What is -1d01a7 (base 14) in base 2?
-11111101010100000111
-121012030203 (base 4) to base 8
-31061443
Convert 100213302202 (base 4) to base 6.
233220334
What is -6106316 (base 9) in base 5?
-1313033302
1033456 (base 9) to base 14
105ad0
What is 65bff1 (base 16) in base 7?
110452013
Convert 216db (base 14) to base 10.
80945
1101324 (base 6) to base 7
315454
-2b785 (base 15) to base 9
-233128
1200143002 (base 5) to base 8
12350231
Convert 5ec27 (base 15) to base 7.
2401465
-11100111101000010111 (base 2) to base 10
-948759
What is -d01629 (base 16) in base 11?
-777488a
Convert 45110232 (base 6) to base 7.
14402252
What is 1899c (base 16) in base 10?
100764
21100144 (base 5) to base 6
3430225
-1498a8 (base 15) to base 3
-1212111210112
Convert 202000012111101 (base 3) to base 14.
15aad18
What is 9ac1 (base 15) in base 3?
1200000001
What is 1660d8 (base 14) in base 11?
496843
5c93d5 (base 14) to base 7
35664155
218b043 (base 13) to base 15
d8034b
Convert 8180102 (base 9) to base 3.
22012200010002
What is -12020201212000 (base 3) in base 9?
-5221760
What is 4815 (base 11) in base 6?
45112
Convert -10101012112211 (base 3) to base 5.
-424421243
Convert 4205510 (base 6) to base 5.
23002232
What is -7168507 (base 9) in base 2?
-1110100101110001101010
5cc126 (base 14) to base 15
42d2d0
3223001321 (base 4) to base 5
221301211
Convert 1bacda (base 15) to base 13.
384a48
Convert 10451312 (base 6) to base 12.
133b38
What is 20131300120 (base 4) in base 13?
5c904a
What is 610735 (base 11) 